s the remainder when 85 is divided by b?
5
Suppose 47*y - 42*y = 2*z + 2047, 2*z = 3*y - 1229. What is the remainder when y is divided by 85?
69
Let b be 130/(-12) - (-3)/(-18). Let c = b - -11. Suppose 0 = -c*g + 4*g - 240. What is the remainder when g is divided by 21?
18
Let d = 8 - -8. Let u be 1/(11/9 - 8/36). Calculate the remainder when u - -61 - (-3 - -5) is divided by d.
12
Suppose -14 = -4*l - 30. Calculate the remainder when ((-2)/l)/(11/2222) is divided by 26.
23
Suppose 4*b - 29 = 43. Suppose 0 = -2*w + 10. Suppose f + 5*z = -3*f + 224, -f + 31 = -w*z. Calculate the remainder when f is divided by b.
15
Suppose f - 2 = -5*k + 7, 42 = 2*f - 2*k. Suppose -f + 53 = q. What is the remainder when 135 is divided by q?
33
Let k(z) = -10*z + 83. What is the remainder when 972 is divided by k(7)?
10
Suppose -5*y + 55 = 3*d + 21, 0 = 2*d + 2*y - 24. Calculate the remainder when ((-56)/24)/((-1)/9) is divided by d.
8
Calculate the remainder when 239 is divided by 0 - ((-16)/12)/(2/24).
15
Suppose -2*v = 3*v - 50. Calculate the remainder when 65 is divided by (-15)/v*(-22 - 0).
32
Let x(z) = 42*z. Let i be x(-1). Let m be (-300)/i + 1/(-7). Suppose -4*j = 2*l - 182, 5*l + 3*j = m*j + 399. What is the remainder when l is divided by 17?
15
Let u(t) = t**2 - 7*t + 3. Let f be u(7). What is the remainder when ((-10)/(-3))/((-20)/(-150)) is divided by -1*14/(-5 + f)?
4
Let t(j) = -j**3 - 8*j**2 + 2*j + 7. Let m be t(-8). Let z = -155 - -175. Let i = m + z. Calculate the remainder when 41 is divided by i.
8
Let n(c) = -31*c + 25. Let m(j) = -16*j + 13. Let s(x) = 11*m(x) - 6*n(x). Let v = 31 - 22. What is the remainder when s(4) is divided by v?
6
Let j = 941 - 747. What is the remainder when j is divided by 110?
84
Let s(z) = -z**3 - 5*z**2 + 11*z + 58. What is the remainder when 445 is divided by s(-6)?
25
Let t = 312 - 246. Suppose 0 = -4*w - 4*d + 68, 5*w - 2*d - 16 = 48. Calculate the remainder when t is divided by w.
10
Let k = -65 - -130. Suppose -k = 8*h - 217. What is the remainder when 74 is divided by h?
17
Let r = -30 + 45. Let w(u) = -u + 19. What is the remainder when -3 - (2 + 1 + -20) is divided by w(r)?
2
Suppose 4*y - 100 = 3*h, -97 = -5*y - 5*h - 7. What is the remainder when 131 is divided by y?
21
Let a(w) = -14*w - 150. What is the remainder when a(-16) is divided by 22?
8
Let b = -96 - -138. Suppose 10*k + 14*k = 36*k - 264. What is the remainder when b is divided by k?
20
Let b(f) = 44*f - 555. What is the remainder when b(18) is divided by 52?
29
Let o = 34 - 22. Calculate the remainder when (1/(-3))/(2/(-204)) is divided by o.
10
Let m be -2 + (6/(-2) - 0). Let j = m - -18. What is the remainder when 25 is divided by j?
12
Let n = 88 + -79. What is the remainder when 34 is divided by n?
7
Let b(f) = 32*f + 3. Let v be b(1). Suppose -v = 4*u - 9*u. Let o = 15 + u. Calculate the remainder when 63 is divided by o.
19
Suppose -4*m + m = -24. What is the remainder when m is divided by 3?
2
What is the remainder when 0 + 0 + 2618/11*1 is divided by 24?
22
Suppose 11*o - 305 = -96. Let t be (-15)/(-2)*(-8)/6. Let d = t + o. What is the remainder when 25 is divided by d?
7
Let r(n) = -28*n**3 + 2*n**2 - 1. Suppose -2*m + 17 = f, 30*f + 51 = 33*f - 5*m. Calculate the remainder when r(-1) is divided by f.
12
Let t = -40 + 65. Let l(z) = -z**3 + 22*z**2 + 3*z - 59. What is the remainder when t is divided by l(22)?
4
Let j = -1466 - -1813. Calculate the remainder when j is divided by 29.
28
Suppose -16 = -9*s + 47. Calculate the remainder when 44 is divided by s.
2
Suppose 5*s - 27 - 43 = 0. Let y(q) = -3*q - 9. Let j(o) = 4*o + 9. Let d(a) = -4*j(a) - 5*y(a). Calculate the remainder when s is divided by d(5).
2
Calculate the remainder when (177/15)/(2/30) is divided by 5.
2
What is the remainder when ((-10)/(-2))/(3/(-1 - -10)) is divided by 13?
2
Let r be 34/8 - (-2)/(-8). Suppose -r*z + 105 + 131 = 0. What is the remainder when z is divided by (-190)/(-16) + 7/56?
11
Let n(f) = 10*f + 185. What is the remainder when n(-14) is divided by 12?
9
What is the remainder when 104 is divided by 118/5 + (-36)/(-90) + -3?
20
Suppose -2 = z - 1, 3*s - 236 = -z. Let h(q) = -2*q**2 + 16*q + 17. Calculate the remainder when s is divided by h(8).
11
Calculate the remainder when 97 is divided by 1/(-8)*-8*29/1.
10
Suppose 135 = 3*s + 2*p, -126 = 34*s - 37*s + p. Calculate the remainder when 48 is divided by s.
5
Let x(b) = b**2 - 3*b + 1. Let h(w) = -w + 19. Let q be h(15). Suppose -5*i + 15 = 2*u, 0*i - 1 = -u + q*i. What is the remainder when x(u) is divided by 3?
2
Suppose s + s = 4*n + 52, 4*n = -3*s + 118. Calculate the remainder when s is divided by (-1 - -4) + -1 + 10.
10
Let y(m) = m**2 - 9*m - 8. Let l(t) be the first derivative of 2*t**2 - 2*t - 5. Let a be l(3). Calculate the remainder when 3 is divided by y(a).
1
Suppose 0 = -4*h - 533 + 545. What is the remainder when 5 is divided by h?
2
Calculate the remainder when 192/(-1056) + (-541)/(-11) is divided by 13.
10
Suppose -19 = -4*b + 1. Let m(y) = 2*y**2 - 8*y + 3. Let k(s) = s**2 - 4*s + 1. Let j(f) = -5*k(f) + 3*m(f). What is the remainder when 15 is divided by j(b)?
6
Suppose -4*k = 3*u - 41, -4*u = 6*k - k - 53. Let m be (-12)/(-5) + 8/(-20). Suppose o = -5*z + 54, -m = o - 1. What is the remainder when z is divided by u?
4
Let n = 78 + -54. Suppose t = 4*m + 27, t + 2*m - 25 = -2*t. What is the remainder when n is divided by t?
2
Let x be (-142)/6 + 2/(-6). Let s = -22 - x. Suppose 13 - s = f. Calculate the remainder when f is divided by 4.
3
Let l(p) = 2*p**2 - p - 4. Let r(k) = k**3 + 4*k**2 - 7*k - 7. Let y be r(-5). Calculate the remainder when 98/441*6*24 is divided by l(y).
10
Calculate the remainder when -1*74/(-2) + 1 is divided by (-6)/((-18)/195)*(-7)/(-39 - -4).
12
Let m(s) = s**3 - 12*s**2 - 62*s - 16. What is the remainder when 253 is divided by m(16)?
13
Let o = 42 - 21. What is the remainder when 6342/105 + (-4)/10 is divided by o?
18
Suppose 118 = 18*j - 368. Calculate the remainder when 628/6 - 4/6 is divided by j.
23
What is the remainder when 63 is divided by 1 - ((-474)/18 - 10/15)?
7
Suppose -62*o - 528 = -70*o. Calculate the remainder when 210 is divided by o.
12
Let n(h) = 6*h - 8. Let t = -84 - -90. Calculate the remainder when n(t) is divided by 10.
8
Suppose -s + q + 33 = 0, q - 23 = -2*s + 49. What is the remainder when 208 is divided by s?
33
Calculate the remainder when 183 is divided by 3*(690/(-9))/(-5).
45
Suppose 13*m - 18 = 21. Calculate the remainder when m is divided by 1.
0
Let h(o) = -34*o + 3*o + 5 + 18*o. Calculate the remainder when h(-5) is divided by 24.
22
Let a = 76 + -31. What is the remainder when a is divided by 33?
12
Let s = 109 - 37. Calculate the remainder when s is divided by 25.
22
Let x(s) = -9*s - 1. Suppose 0 = -23*o + 353 - 8. Calculate the remainder when x(-8) is divided by o.
11
Let i(s) = s**2 - 17*s - 23. Let j be i(18). Let o(t) = -t**2 - 10*t - 11. What is the remainder when 41 is divided by o(j)?
13
Let k = 139 - -41. Calculate the remainder when k is divided by 77.
26
Suppose 14*x - 5*b - 158 = 12*x, 0 = b. Calculate the remainder when x is divided by 14.
9
Suppose j + 1 = 3. Suppose 3*z = 7 + j. Suppose -z*c = 2*d - 85, -c = -4*d - d. Calculate the remainder when c is divided by 13.
12
Let y(m) = m**3 - 24*m**2 - 142*m - 69. Suppose 3*w = 5*n - 182, 0 = -4*n - 4*w + 89 + 31. What is the remainder when n is divided by y(29)?
16
Suppose 197 + 580 = 7*s. Calculate the remainder when s is divided by 8.
7
Suppose 0 = 7*f - 3 + 10. Let r(j) = 10*j**2 - 4*j - 3. Calculate the remainder when 30 is divided by r(f).
8
Let o(d) = -3*d + 13. Let h be o(-8). Suppose 4*a = -w - a + h, 2*a - 8 = 0. Calculate the remainder when 65 is divided by w.
14
Let o(d) = 4*d**3 - d**2 - d + 2. Let v be o(1). Suppose v*a = 45 + 35. Calculate the remainder when 57 is divided by a.
17
Let q = 1926 - 1724. What is the remainder when q is divided by 75?
52
Let q(p) = -13*p**3 + 4*p**2 + p - 4. Suppose 2*d = 6*d + 12, -4*f = -3*d - 1. Calculate the remainder when q(f) is divided by 24.
18
Let i = -42 + 78. Suppose o + 4*o = p + 72, 0 = -2*o - 2*p + i. Calculate the remainder when 28 is divided by o.
13
Let q(v) = -3 + 12*v**2 - 3 + 20*v**2 